
Let n(d) = -183*d + 6015. Calculate n(33).
-24
Let a(q) = q**3 - 132*q**2 + 1106*q + 119. What is a(123)?
-4
Let z(n) = 4*n**2 - 17*n + 29. Calculate z(2).
11
Let b(w) = -9*w - 74. Give b(11).
-173
Let b(k) = 138*k**2 + 842*k + 80. What is b(-6)?
-4
Let n(t) = 5*t**2 - 437*t + 1801. Calculate n(83).
-25
Let b(h) = 284*h - 8526. Determine b(30).
-6
Let z(s) = -s**3 + 157*s**2 + 332*s - 2278. Give z(159).
-52
Let d(i) = -5*i**2 - 482*i - 812. Calculate d(-94).
316
Let b(u) = -13*u**2 + u - 1. Give b(2).
-51
Let k(a) = -a**2 - 44*a + 407. Determine k(8).
-9
Let y(o) = o - 27. Determine y(22).
-5
Let g(j) = j**2 - 94*j + 868. Give g(10).
28
Let i(c) = -33*c + 218. Determine i(8).
-46
Let m(c) = c**3 - 20*c**2 - 83*c + 320. Give m(23).
-2
Let v(y) = 267*y + 2133. Calculate v(-8).
-3
Let n(t) = t**2 + 39*t - 3935. Calculate n(46).
-25
Let r(o) = -o**2 - 60*o + 228. What is r(-63)?
39
Let a(m) = m**3 - 27*m**2 + 122*m. Give a(6).
-24
Let h(y) = -57*y**2 - 51*y. Give h(-1).
-6
Let g(m) = 191*m**3 - 2674*m**2 - 6*m + 82. Determine g(14).
-2
Let d(l) = l**2 + 37*l - 304. Determine d(-43).
-46
Let x(o) = 4*o**3 - 27*o**2 + 39*o - 331. Give x(7).
-9
Let u(k) = 2*k**2 + 62*k - 287. Calculate u(-35).
-7
Let g(k) = 73*k**2 + 4303*k - 233. Calculate g(-59).
3
Let d(j) = j**3 - 14*j**2 - 45*j - 89. What is d(17)?
13
Let b(i) = -2*i**3 - 151*i**2 - 358*i + 511. What is b(-73)?
0
Let b(t) = -10*t**2 + 364*t + 222. Determine b(37).
0
Let y(v) = -45*v - 1251. What is y(-22)?
-261
Let a(v) = -3*v**3 - 34*v**2 + 1087*v + 12754. What is a(-12)?
-2
Let d(v) = v**2 - 212*v + 4. What is d(0)?
4
Let n(f) = f**3 - 30*f**2 - 45*f + 79. Give n(32).
687
Let x(o) = o**3 - 66*o**2 - 6*o + 454. Determine x(66).
58
Let t(s) = s**3 - 49*s**2 + 222*s - 82. Calculate t(44).
6
Let n(a) = -14*a**2 - 27*a - 41. Give n(-5).
-256
Let y(u) = 12*u - 358. Give y(32).
26
Let k(c) = 17*c**2 + 339*c + 8. What is k(-20)?
28
Let n(a) = a**2 - 43*a + 248. Calculate n(31).
-124
Let d(h) = h**2 + 280*h - 2000. Determine d(7).
9
Let y(z) = 14*z + 21. Give y(5).
91
Let z(v) = -v**3 + 22*v**2 + 87*v + 437. What is z(26)?
-5
Let w(q) = -31*q + 1841. Give w(28).
973
Let u(i) = i**2 - 1647*i + 3. Give u(0).
3
Let b(n) = 3*n**2 - 68*n + 31. Determine b(25).
206
Let k(j) = 20*j + 94. Give k(-16).
-226
Let c(u) = 6*u**3 + 4*u**2 - 9*u + 9. Determine c(2).
55
Let y(b) = 68*b + 371. Determine y(-5).
31
Let t(q) = -53*q - 219. Give t(-4).
-7
Let u(q) = q**2 + 28*q - 132. Determine u(-32).
-4
Let i(y) = 18*y - 462. What is i(21)?
-84
Let s(q) = 11*q**3 + 185*q**2 - 38*q - 72. Calculate s(-17).
-4
Let s(m) = 2053*m + 12322. What is s(-6)?
4
Let s(k) = 3*k**2 + 39*k + 102. Determine s(-4).
-6
Let w(p) = 8*p + 860. Give w(-107).
4
Let q(k) = 3*k**2 - 81*k - 51. Determine q(29).
123
Let n(z) = -z**3 + 16*z**2 - 37*z - 15. What is n(13)?
11
Let s(v) = 3*v**2 + 49*v + 14. Determine s(-15).
-46
Let m(i) = -1892*i + 4. Determine m(0).
4
Let c(u) = -2*u**2 + 29*u - 39. What is c(3)?
30
Let f(l) = l**2 - 12*l + 46. What is f(0)?
46
Let g(f) = -66*f + 256. Determine g(4).
-8
Let t(z) = 107*z - 465. Calculate t(5).
70
Let n(k) = -k**3 + 14*k**2 + 30*k - 219. Calculate n(17).
-576
Let y(c) = -c**2 + 271*c + 3096. Determine y(-11).
-6
Let x(r) = -11*r - 419. Determine x(-35).
-34
Let q(f) = f**3 - 3*f**2 - 11*f. Determine q(-3).
-21
Let h(g) = 3*g**2 - g - 60. Determine h(-6).
54
Let g(r) = -2191*r + 10956. Calculate g(5).
1
Let f(m) = -604*m - 2508. Determine f(-4).
-92
Let x(y) = 2*y**2 + 159*y + 946. Give x(-73).
-3
Let z(l) = 39*l**2 + 363*l + 94. Calculate z(-9).
-14
Let n(x) = 170*x + 2376. What is n(-14)?
-4
Let l(q) = -q**2 - 17*q + 277. Calculate l(10).
7
Let p(z) = 96*z + 189. Calculate p(-2).
-3
Let w(c) = -29*c + 358. Calculate w(15).
-77
Let i(h) = -40*h**2 - 496*h + 496. Give i(1).
-40
Let q(d) = -6*d**2 + 5*d + 912. What is q(-12)?
-12
Let v(s) = -3040*s - 21238. Give v(-7).
42
Let r(g) = -g**2 - 29*g + 1267. Determine r(-53).
-5
Let y(k) = -k**3 + 23*k**2 - 93*k + 16. What is y(18)?
-38
Let o(w) = -3*w**2 + 560*w - 2204. What is o(4)?
-12
Let t(v) = 137*v + 15823. Calculate t(-115).
68
Let y(u) = -u**3 + 4*u**2 + 5*u + 33. Give y(6).
-9
Let i(d) = 583*d + 4685. Give i(-8).
21
Let j(q) = 27*q**2 + 6*q - 16. Determine j(-2).
80
Let h(q) = q**2 + 109*q - 931. What is h(8)?
5
Let p(l) = 20*l**2 + 44*l - 318. Give p(3).
-6
Let m(f) = -2*f**2 - 467*f + 2395. What is m(5)?
10
Let m(o) = 4*o**2 - o - 33. Calculate m(8).
215
Let t(h) = h**2 - 21*h + 31. Determine t(13).
-73
Let s(b) = b**2 + 93*b + 1225. What is s(-16)?
-7
Let l(y) = y**3 + 15*y**2 + 7*y + 60. What is l(-15)?
-45
Let t(a) = a**3 + 125*a**2 + 918*a - 2103. Calculate t(-117).
3
Let p(a) = -a**3 + 56*a**2 - 203*a - 253. What is p(52)?
7
Let m(d) = -2*d + 106. Give m(20).
66
Let w(h) = 2256*h + 6741. Give w(-3).
-27
Let g(v) = -v**3 - 96*v**2 + 281*v - 1582. Calculate g(-99).
2
Let o(v) = v**3 - 20*v**2 + 6*v - 24. What is o(20)?
96
Let z(b) = 4537*b + 68056. What is z(-15)?
1
Let o(a) = 3*a**3 - 58*a**2 + 16*a + 68. Give o(19).
11
Let t(q) = -21*q + 1660. What is t(80)?
-20
Let f(x) = -49*x**2 + 3*x + 1. Calculate f(1).
-45
Let x(s) = -s**3 - 39*s**2 + 80*s - 82. Calculate x(-41).
0
Let t(a) = 26*a**3 - 17*a**2 - 12*a + 5. Determine t(-1).
-26
Let m(x) = -657*x - 1975. Determine m(-3).
-4
Let h(s) = -251*s - 8. Determine h(1).
-259
Let z(c) = -c**3 - 13*c**2 + 11*c - 19. Calculate z(-6).
-337
Let t(z) = -6*z**2 - 35*z - 13. What is t(-6)?
-19
Let h(c) = -3*c**2 + 12*c + 123. Calculate h(9).
-12
Let c(v) = -45*v + 3810. Determine c(84).
30
Let k(p) = -3*p**3 + 69*p**2 - 228*p + 6. Give k(19).
6
Let s(q) = q**3 - 68*q**2 - 63*q + 53. Determine s(69).
467
Let l(r) = -12*r + 15. Determine l(13).
-141
Let w(g) = -g**2 - 182*g + 6600. Give w(31).
-3
Let x(d) = d**2 - 58*d - 835. Calculate x(70).
5
Let f(p) = -36*p - 1653. Determine f(-51).
183
Let q(z) = -299*z**2 + 32*z - 2. What is q(-1)?
-333
Let b(h) = -h**2 - 594*h - 10451. Give b(-18).
-83
Let p(x) = 2*x**2 + 5*x - 65. Determine p(10).
185
Let n(p) = 27*p - 210. Give n(5).
-75
Let c(w) = -12*w + 107. What is c(11)?
-25
Let n(i) = -5*i**2 - 101*i - 676. Calculate n(-19).
-562
Let t(y) = 111*y - 104. Calculate t(1).
7
Let h(t) = 3*t**2 - 27*t - 145. Calculate h(-5).
65
Let u(n) = -n**3 + 8*n**2 - 65*n + 386. Determine u(7).
-20
Let s(r) = -114*r - 347. Give s(-3).
-5
Let n(k) = -242*k - 7292. Determine n(-29).
-274
Let y(t) = -t**3 + 186*t**2 - 1592*t - 27. What is y(9)?
-18
Let y(n) = -150*n + 2700. What is y(18)?
0
Let v(x) = -10*x**2 + 52*x + 431. Give v(-7).
-423
Let l(o) = 5*o**2 + 345*o - 8. What is l(-69)?
-8
Let g(h) = -h**3 - 6*h**2 + 24*h - 39. Give g(2).
-23
Let l(r) = r**3 + 3*r**2 + 27*r - 55. Determine l(-7).
-440
Let f(t) = 9801*t - 58810. What is f(6)?
-4
Let b(o) = -o**2 - 1410*o + 17074. Calculate b(12).
10
Let u(f) = -3*f**2 + 36*f - 67. Give u(9).
14
Let g(y) = -y**2 - 85*y - 1192. Give g(-18).
14
Let w(l) = 3*l**2 + 47*l + 28. Calculate w(-15).
-2
Let h(l) = -92*l + 14634. Give h(159).
6
Let z(d) = 581*d + 73229. Give z(-126).
23
Let d(k) = -k**3 - 42*k**2 - 211*k - 95. Determine d(-5).
35
Let t(g) = 71*g - 160. What is t(2)?
-18
Let u(g) = 2*g**2 + 50*g + 66. Give u(-22).
-66
Let b(u) = -u**3 - 113*u**2 + 231*u - 5. What is b(2)?
-3
Let f(n) = 3*n**2 - 47*n + 3. Determine f(13).
-101
Let f(j) = -4*j**3 + j**2 + 709*j - 710. Give f(1).
-4
Let h(b) = -b**2 + 38*b + 146. Give h(41).
23
Let l(v) = v**3 + 60*v**2 + 53*v - 368. Calculate l(-59).
-14
Let r(s) = -7*s**2 + 53*s - 14. What is r(7)?
14
Let a(w) = 56*w**2 + 3187*w - 267. What is a(-57)?
18
Let y(l) = -12*l - 10. What is y(3)?
-46
Let s(r) = 2*r**2 - 78*r - 344. Determine s(43).
0
Let v(w) = 141*w + 31020. Give v(-220).
0
Let i(x) = -x**3 + 35*x**2 - 311*x + 72. Calculate i(17).
-13
Let z(y) = 99*y**2 - 9*y + 6. Determine z(1).
96
Let l(q) = 6*q**2 - 23*q + 7. Give l(3).
-8
Let q(k) = -2*k**3 + 11*k**2 - 7*k + 62. Give q(6).
-16
Let s(r) = -2*r**3 - 43*r**2 - 33*r - 208. Give s(-21).
44
Let k(i) = -40*i - 361. Determine k(-11).
79
Let p(w) = -636*w + 5082. Calculate p(8).
-6
Let f(o) = 4*o**3 + 37*o**2 + 18*o + 55. Give f(-9).
-26
Let g(y) = 3*y**2 + 20*y - 22. What is g(-13)?
225
Let f(v) = v**3 - 54*v**2 - 109*v - 26. Wha